{"id":2298,"date":"2025-02-02T14:29:07","date_gmt":"2025-02-02T13:29:07","guid":{"rendered":"https:\/\/opre.strani.biz\/izdelek\/hidravlicna-stiskalnica-presa-25t\/"},"modified":"2025-05-31T14:39:32","modified_gmt":"2025-05-31T12:39:32","slug":"hidravlicna-stiskalnica-presa-25t","status":"publish","type":"product","link":"https:\/\/opre.strani.biz\/?product=hidravlicna-stiskalnica-presa-25t","title":{"rendered":"Hidravli\u010dna stiskalnica &#8211; pre\u0161a 25T"},"content":{"rendered":"<p><span style=\"color: #515151;\">Vrhunska pre\u0161a italijanske znamke APAC-pionir v dvi\u017eni tehniki in hidravli\u010dnem orodju.<\/span><br style=\"color: #515151;\" \/><br style=\"color: #515151;\" \/><span style=\"color: #515151;\">MODEL:1655B<\/span><br style=\"color: #515151;\" \/><span style=\"color: #515151;\">Premikanje cilindra levo in desno!<\/span><br style=\"color: #515151;\" \/><br style=\"color: #515151;\" \/><span style=\"color: #515151;\">DIMENZIJE si lahko pogledate na sliki.<\/span><\/p>\n<p>Dimenzije<\/p>\n<p><a href=\"https:\/\/opre.strani.biz\/wp-content\/uploads\/2014\/08\/da1651Ba1658B-tab_897_1.jpg\"><img decoding=\"async\" class=\"alignnone size-medium wp-image-2296\" src=\"https:\/\/opre.strani.biz\/wp-content\/uploads\/2014\/08\/da1651Ba1658B-tab_897_1-300x137.jpg\" alt=\"da1651Ba1658B-tab_897_1\" width=\"300\" height=\"137\" srcset=\"https:\/\/opre.strani.biz\/wp-content\/uploads\/2014\/08\/da1651Ba1658B-tab_897_1-300x138.jpg 300w, https:\/\/opre.strani.biz\/wp-content\/uploads\/2014\/08\/da1651Ba1658B-tab_897_1-430x198.jpg 430w, https:\/\/opre.strani.biz\/wp-content\/uploads\/2014\/08\/da1651Ba1658B-tab_897_1-700x322.jpg 700w, https:\/\/opre.strani.biz\/wp-content\/uploads\/2014\/08\/da1651Ba1658B-tab_897_1.jpg 920w\" sizes=\"(max-width: 300px) 100vw, 300px\" \/><\/a><\/p>\n","protected":false},"excerpt":{"rendered":"<p>25-tonska pre\u0161a<\/p>\n","protected":false},"featured_media":2294,"comment_status":"open","ping_status":"closed","template":"","meta":[],"product_brand":[89],"product_cat":[97],"product_tag":[150,149,145,143,144],"class_list":{"0":"post-2298","1":"product","2":"type-product","3":"status-publish","4":"has-post-thumbnail","6":"product_brand-apac","7":"product_cat-hidravlicne-stiskalnice-prese","8":"product_tag-25-ton","9":"product_tag-25-tonska-presa","10":"product_tag-apac-2","11":"product_tag-hidravlicna-stiskalnica","12":"product_tag-presa","14":"first","15":"instock","16":"taxable","17":"shipping-taxable","18":"purchasable","19":"product-type-simple"},"_links":{"self":[{"href":"https:\/\/opre.strani.biz\/index.php?rest_route=\/wp\/v2\/product\/2298","targetHints":{"allow":["GET"]}}],"collection":[{"href":"https:\/\/opre.strani.biz\/index.php?rest_route=\/wp\/v2\/product"}],"about":[{"href":"https:\/\/opre.strani.biz\/index.php?rest_route=\/wp\/v2\/types\/product"}],"replies":[{"embeddable":true,"href":"https:\/\/opre.strani.biz\/index.php?rest_route=%2Fwp%2Fv2%2Fcomments&post=2298"}],"version-history":[{"count":0,"href":"https:\/\/opre.strani.biz\/index.php?rest_route=\/wp\/v2\/product\/2298\/revisions"}],"wp:featuredmedia":[{"embeddable":true,"href":"https:\/\/opre.strani.biz\/index.php?rest_route=\/wp\/v2\/media\/2294"}],"wp:attachment":[{"href":"https:\/\/opre.strani.biz\/index.php?rest_route=%2Fwp%2Fv2%2Fmedia&parent=2298"}],"wp:term":[{"taxonomy":"product_brand","embeddable":true,"href":"https:\/\/opre.strani.biz\/index.php?rest_route=%2Fwp%2Fv2%2Fproduct_brand&post=2298"},{"taxonomy":"product_cat","embeddable":true,"href":"https:\/\/opre.strani.biz\/index.php?rest_route=%2Fwp%2Fv2%2Fproduct_cat&post=2298"},{"taxonomy":"product_tag","embeddable":true,"href":"https:\/\/opre.strani.biz\/index.php?rest_route=%2Fwp%2Fv2%2Fproduct_tag&post=2298"}],"curies":[{"name":"wp","href":"https:\/\/api.w.org\/{rel}","templated":true}]}}